 + (67 + -18 - 30)?
12
Calculate 19 + (-4 + -1 - -1 - 2) + 6.
19
What is the value of -5 + 15 - (18 + -2 + -3 + 3)?
-6
Evaluate -7 + 2 + -9 + (-8 - -14) + 2.
-6
What is (11 + 9 - 16) + (-13 - (4 + -2))?
-11
What is 2 + -1 + -27 + 22 + 7?
3
Calculate (55 - 49) + (1 - 4) + -1.
2
Evaluate -13 - -2 - -44 - (20 - 5).
18
Calculate (7 + -6 + -5 - -6) + -6 - -10.
6
-36 + -7 + -41 + 56
-28
What is the value of 8 + (3 + -12 - (-12 - -21) - -9)?
-1
What is 4 + (1 - 12) - -15?
8
What is (-27 - (-59 + -3)) + -16?
19
Calculate 35 - (-53 - -47 - (-18 + 0)).
23
What is (0 - (-3 + -12)) + 23 + -39 + 9?
8
14 + (7 - (11 - 7 - 14))
31
Calculate -17 - -3 - (2 + -6 - -1).
-11
What is the value of 33 + 3 + (322 - 349)?
9
-11 - (10 + 0 + (4 - -5))
-30
-4 - ((12 - 4 - 11) + 11 + -1)
-11
Evaluate (2 - 19) + -5 + -1.
-23
Calculate 0 + -20 + 46 + -21.
5
What is (1 - (-1 + 3)) + -6 + (-10 - -15)?
-2
Evaluate -2 + (-7 - (5 + -14)).
0
What is -4 - (5 + -8) - (2 + (8 - 1))?
-10
What is 10 - (16 + -9 - ((-6 - -3) + 11))?
11
Calculate -13 - ((-27 - -18) + (0 - -3)).
-7
Calculate 12 + 0 + (-11 - -2 - -12 - 3).
12
Calculate 2 + -1 - (0 + -6 - 9 - 0).
16
Evaluate -36 + -39 - -75 - (2 - 1).
-1
Calculate (-5 - 2) + 0 + 6 + -7 + -2.
-10
Calculate -32 + (15 - -24) + -40.
-33
Calculate -3 + (20 - 23 - -27).
21
Evaluate (32 - 41) + (13 - -16).
20
What is 7 + 1 + (-48 - -46)?
6
What is -17 - (11 + -9 - 19)?
0
-1649 + 1685 - (-1 - -1)
36
What is 0 + 15 - 19 - -29?
25
Evaluate (-5 - -5) + (-2 - 2 - -27).
23
Evaluate -69 - -72 - (4 + 3).
-4
What is (1 - -3) + -2 + 77 + -60?
19
Calculate (-13 - -1) + (5 - (24 - 23)).
-8
What is -2 - -40 - (251 + -227)?
14
6 + 6 + (-7 - 7) + 8
6
7 + (8 - 32) + -2
-19
-25 - ((-11 - 8) + 6)
-12
What is 3 + 11 + -2 + -4?
8
Calculate 1 + (-32 - -1) + -1809 + 1817.
-22
What is (-13 - (-46 + 34)) + -2 + -2?
-5
-21 + 30 + -19 + 11
1
Evaluate -19 - (-16 + 12 + (1 - 0) + -2).
-14
26 - (-14 + 6 - -15)
19
What is (36 - 59 - -25) + 3 + -18?
-13
Calculate -32 + (2 - -17) + 8.
-5
What is 13 + (-33 + (-6 - -17) - -10 - -13)?
14
Calculate 1 - (-18 - -7 - -22) - (0 - -6).
-16
What is (9 - (22 - -7)) + (-1 + 3 - -4)?
-14
Calculate (7 + -4 - (69 - 52)) + -15.
-29
What is 39 + (-53 - (-25 + 17))?
-6
What is the value of 3 - ((-21 - -15) + (-7 - (6 - -5)))?
27
Calculate -9 - (8 + -21 + 3 + -11).
12
Calculate (1 - -3 - 3) + (18 - 28).
-9
What is the value of 26 + -4 + -34 + 31?
19
Evaluate -13 + (31 - 9) + 7.
16
What is (11 + -12 + -5 - (4 - 3)) + 16?
9
Evaluate (5 - 2) + -9 + -2 + 8 - -23.
23
Evaluate 0 - 12 - (28 + -34 + (6 - 1)).
-11
What is the value of 0 - ((-9 - 5) + 0 + 4 - 6)?
16
1 + -10 - (-24 - -24)
-9
Evaluate (-6 - (9 + 1 + -9) - -19) + -34.
-22
Evaluate -834 + 819 - (-1 - 18).
4
Calculate 31 + (19 + -15 - 31).
4
What is the value of -9 + (12 - ((2 - -50) + -18))?
-31
What is the value of (93 - 90) + -5 + -1?
-3
Evaluate -3 + (6 - 4 - 11).
-12
Calculate -23 + -5 - (-54 + 48).
-22
What is 1 + (-19 + (27 - 13) - (-1 + 22))?
-25
What is the value of 8 - (-322 + 318 + (24 - 0 - -1))?
-13
Evaluate 0 + 10 - -5 - 5.
10
What is the value of -20 + 19 + (1 + 0 - -1) - 6?
-5
5 - ((0 - (-1 + 2)) + -1)
7
Evaluate 1 - (-2 + -6 + 8 - 2).
3
What is -2 - (-8 + 1 - (-30 - -28))?
3
Evaluate (8 - -7) + -17 + -8.
-10
Evaluate (-48 - -45) + -35 + 8.
-30
What is 15 + 13 + -24 + 6?
10
What is 44 + (-5 - 16 - -17)?
40
Evaluate (17 - 30) + 5 + (-1 - -3).
-6
Calculate (-4 - 0) + 122 + -121.
-3
(-14 - (-12 + 3)) + 23 - 2
16
Calculate (4 - -20) + -6 - 1 - 3.
14
Evaluate -1 + 6 + (5 - -1) - (-1 + -1).
13
Calculate 17 - (-12 - -19) - (29 - 7).
-12
19 - (8 + 0 + (-96 - -96))
11
-6 + 2 + 16 + -23
-11
-34 - (14 - (39 - 5))
-14
Evaluate 9 + -11 + -25 + 1 + 5 + -1.
-22
What is 6 + (-3 - -8 - 3) + 4?
12
-9 - -1 - (-8 - -12 - (-20 - -37))
5
-27 + 43 + -56 + 34
-6
What is the value of 0 + -12 + 23 - 37 - (0 + 6)?
-32
-1 - (-2 + 1) - (-171 - -159)
12
Evaluate -8 + (-10 - -9) - 9.
-18
What is the value of -3 + (-13 - (-1 - 13))?
-2
3086 + -3081 + (-14 - (-1 - (0 + -3)))
-11
Calculate (2 - -1) + (205 - 206).
2
Calculate 13 + 22 + -15 + -7.
13
What is the value of 2 + (-5 - 3) - 7 - -7?
-6
Evaluate -3 + -7 + -6 + (12 - 7) + -4.
-15
Calculate (1 - -30) + -17 + -16.
-2
(13 + 1 - -4) + -10
8
What is (29 + -10 + 8 - 9) + 7 + 1?
26
What is the value of -3 - (-10 + (-2 - -1) + (72 - 57))?
-7
19 + (-5 - (-22 - -31))
5
What is -3 + -22 + 20 + 1 + 11?
7
15 + (-6 - -8 - -6) + -14
9
18 + -46 + 18 - (-3 - -2)
-9
1 - (-8 + (1 - 1) + (59 - 44))
-6
Calculate 1 + 8 + 0 + 17 + -25.
1
72 - (141 - 71) - (-10 + (-1 - 0))
13
What is the value of 49 + (-89 - -34) - (0 + 0 - -10)?
-16
Evaluate 8 + -1 + 0 + -1 + (-3340 - -3345).
11
Calculate (32 - 19) + 8 + -6 + 1.
16
Evaluate 9 - (1 + -1) - 8.
1
What is -24 - -1 - (-7 - (-14 + 11 + 4))?
-15
What is 6 - (4 + (-1 - 1) - (166 + -174))?
-4
33 + -28 + -3 + 0 + -13
-11
What is 10 + -25 - -1 - 0?
-14
12 + (38 - 47) + -1 + 3
5
(20 - 74 - -13) + 68
27
-22 + 10 + 14 - 11
-9
(-28 - -19) + 19 - 5
5
What is (0 - 11) + (32 - 28) - (-1 - -4)?
-10
Evaluate 0 - (-22 - -14) - 14.
-6
What is the value of -19 + -10 + 12 + 15?
-2
What is 30 + (-16 - 4) - 6?
4
What is the value of 37 - (-47 + 70 - (10 - -1))?
25
Evaluate -13 - (2 - (-13 + (-1 - -8) - -16)).
-5
What is -5 + ((-3 - -12) + -10 + 15 - 5)?
4
Calculate (333 - 375) + -1 + 21.
-22
-1 - (5 - 23) - 22
-5
Evaluate -31 - (-9 - -4 - 7).
-19
What is 27 - (-4 + 33 + -22)?
20
(-4 - -1) + -26 + 13 + 17
1
What is the value of (-35 - (8 - 4)) + (14 - 11) + 2?
-34
What is -4 + (25 - -3) + 6 + 3 + -6?
27
Calculate (67 - 49) + -17 + -1.
0
What is the value of (1 - -3 - 3) + 0 + -15?
-14
What is the value of -3 - (-5 - -13 - 20) - 36?
-27
What is 1 - -1 - (13 + (-18 - (16 - 18)))?
5
Calculate 11 - (-6 + -1 + 2 + -133 + 137).
12
10 + (-10 - 13) + 4
-9
What is the value of 9 + 0 - (-1 + (-3 - 2) - -39)?
-24
0 + (-2 - (-9 - 30 - -9 - -9))
19
What is 11 - (4 - -14 - 9)?
2
Evaluate -5 + (0 - -2) - (-18 + 10 + 19).
-14
Calculate 13 - (12 - (-4 + 2)).
-1
What is the value of (24 - 13) + -9 - 0?
2
(9 - (10 + -5)) + (-6 - 0) + -7
-9
What is 13 - 2 - (20 + -5) - (-1 + -8)?
5
What is -27 + -15 + 5 + 43?
6
(-7 - 5) + 0 + -4 + 0 + 7
-9
What is the value of 21 - (20 + -4 + 1)?
4
What is the value of (27 - 9) + -24 - -15?
9
Evaluate (14 - 37 - -50) + -38.
-11
Calculate 1 + -6 - (-4 - (-18 + 0)) - -6.
-13
What is (-14 - -24) + -16 - -4?
-2
-6 + (1 + 6 - 2 - 0 - -13)
12
What is 37 - (-35 - (-29 - 61))?
-18
Calculate 22 + -9 + -23 - (18 - (2 - -1)).
-25
What is (30 + -18 - (-4 + 2)) + 27?
41
Evaluate -77 + 72 + -2 + -4.
-11
What is the value of (-13 - (-7 + 2 + 8)) + 0?
-16
Calculate (14 - 3 - 11) + (3 - 0).
3
What is -9 + (-8 - 15 - -30)?
-2
What is -13 + -17 + -9 + (3 - -14)?
-22
Evaluate -9 + (5 - (-57 - (-38 + 19))).
34
Evaluate 13 + -4 - ((6 - 5) + 25).
-17
Evaluate 7 - 25 - ((4 - -5) + -23).
-4
What is -5 + (1 - (-9 - -9) - (3 + -1))?
-6
Evaluate (-13 - 0) + (-24 - (78 + -80)).
-35
What is the value of 33 - 1 - 9 - 13?
10
-4 - 0 - (-19 + 19 + (6 - 9))
-1
What is 5 - (2 - -1) - (94 - 114)?
22
What is (-7 - (-12 + -6)) + 6 + 3 + -12?
8
Evaluate -3 - 40 - (-47 - -32).
-28
Evaluate -11 - (-27 + 27 + -10).
-1
What is the value of 4 - ((-9 + 24 - 25) + 25)?
-11
-7 - (-1 + 4 - 1)
-9
What is -3 - 6 - (-10 + 14)?
-13
Calculate 3 + (499 - 491 - (16 + 0)).
-5
What is (10 - 16 - -31 - -3) + 3?
31
What is the value of (-1 - (-28 - -34)) + (-13 - -5)?
-15
3 + -8 + (13 - 12) + -1 + 1
-4
-4 - (6 + -9 + -1) - (14 - -3)
-17
Calculate 3 + (3 + -2 - -6).
10
(-3 - 1) + -1 + -2 + 3 + 9
5
What is the value of 5 + -11 + -11 + (4 - 1)?
-14
Evaluate 4 + (-4 - -2) - (-12 + 12).
2
21 + (4 + (1 - 3) + 0 - -3)
26
What is (29 - 0) + -26 + 1?
4
What is the value of -27 + 24 + -19 + -1 + 2 + -1?
-22
25 + -3 + -26 + -1 + 11
6
Calculate 4 + 11 - (10 + 23).
-18
Calculate -17 - ((-4 - -6) + (-2 - 0)).
-17
(-100 + 78 - -36) + (1 - (0 + 2))
13
-2 - (-17 - 2 - -23)
-6
Evaluate -1 + -8 + 2 + 14 + -13.
-6
8 + -12 + (-6 - -5)
-5
Calculate 12 - 6 - 3 - (-7 - -1 - -1).
8
-6 - (-18 - -22 - (10 - (-1 - -3)))
-2
Evaluate (-4 - -7 - (5 + 0)) + (-16 - -18).
0
Evaluate 15 + (-19 - -16) - (-2 - -10).
4
What is (-30 - (14 + -52)) + -14 + 1?
-5
What is 2 + (14 - 13) - 13?
-10
-11 - (-21 - 11 - -3)
18
What is the value o